{"id":22,"date":"2015-12-24T16:59:30","date_gmt":"2015-12-24T15:59:30","guid":{"rendered":"http:\/\/biodescoteaux.fr\/w\/?page_id=22"},"modified":"2024-08-13T15:39:39","modified_gmt":"2024-08-13T14:39:39","slug":"liste-des-produits","status":"publish","type":"page","link":"https:\/\/biodescoteaux.fr\/w\/?page_id=22","title":{"rendered":"Liste des produits"},"content":{"rendered":"<p style=\"text-align: left;\"><span style=\"color: #800000;\"><strong><span style=\"color: #800000;\">PUR\u00c9ES DE FRUITS<\/span>\u00a0 110 g, <\/strong><strong><span style=\"color: #800000;\">340 g<\/span><br \/>\n<\/strong><\/span><\/p>\n<p><em><span style=\"color: #800000;\">Pur<\/span> <span style=\"color: #800000;\">fruit,<\/span> <span style=\"color: #800000;\">sans sucre ajout\u00e9.<\/span><\/em><\/p>\n<ul>\n<li><span style=\"color: #800000;\">poire<\/span><\/li>\n<li><span style=\"color: #800000;\">pomme &amp; framboise<\/span><\/li>\n<li><span style=\"color: #800000;\">pomme &amp; cannelle<\/span><\/li>\n<li><span style=\"color: #800000;\"> pomme aux 3 \u00e9pices (cannelle, cardamome et gingembre)<\/span><\/li>\n<li><span style=\"color: #800000;\">pomme aux zestes d&rsquo;orange &amp; de citron<\/span><\/li>\n<li><span style=\"color: #800000;\">pomme &amp; curcuma<\/span><\/li>\n<li><span style=\"color: #800000;\">pomme\u00a0 &amp; anis \u00e9toil\u00e9<\/span><\/li>\n<\/ul>\n<p style=\"text-align: left;\"><span style=\"color: #800000;\"><strong><span style=\"color: #800000;\">SIROPS\u00a0 25 cl, 50 cl<\/span><br \/>\n<\/strong><\/span><\/p>\n<p><span style=\"color: #800000;\"><em><span style=\"color: #800000;\">Rafraichissants, diluez 1 volume de sirop pour 6 volumes d&rsquo;eau.<\/span> <\/em><\/span><br \/>\n<span style=\"color: #800000;\"> <em><span style=\"color: #800000;\">\u00c0 utiliser pur dans des fromages frais, pour les nappages de glace, g\u00e2teau, salade de fruits.<\/span> <\/em><\/span><br \/>\n<span style=\"color: #800000;\"> <em><span style=\"color: #800000;\">\u00c0 l&rsquo;ap\u00e9ritif, un kir au Sirop de FLEURS DE SUREAU mari\u00e9 \u00e0 un vin blanc vous surprendra par sa<\/span> <span style=\"color: #800000;\">l\u00e9g\u00e8ret\u00e9.<\/span><\/em><\/span><br \/>\n<span style=\"color: #800000;\"> <strong><span style=\"color: #800000;\">Conditionn\u00e9 en bouteille verre Marie-jeanne \u00e0 bouchon limonade 25 cl, et bouteille 50 cl twist of<\/span>.<br \/>\n<\/strong><\/span><\/p>\n<ul>\n<li><span style=\"color: #800000;\">cerise<br \/>\n<\/span><\/li>\n<li><span style=\"color: #800000;\">melon<\/span><\/li>\n<li><span style=\"color: #800000;\">fraise<\/span><\/li>\n<li><span style=\"color: #800000;\">p\u00eache<\/span><\/li>\n<li><span style=\"color: #800000;\">abricot<\/span><\/li>\n<li><span style=\"color: #800000;\">reine-claude<\/span><\/li>\n<li><span style=\"color: #800000;\">fruits rouges<\/span><\/li>\n<li><span style=\"color: #800000;\">menthe verte<br \/>\n<\/span><\/li>\n<li><span style=\"color: #800000;\">4 menthes<br \/>\n<\/span><\/li>\n<li><span style=\"color: #800000;\">basilic<\/span><\/li>\n<li><span style=\"color: #800000;\">fleurs de sureau<\/span><\/li>\n<li><span style=\"color: #800000;\">thym<\/span><\/li>\n<li><span style=\"color: #800000;\">lavande<\/span><\/li>\n<li><span style=\"color: #800000;\">sauge<\/span><\/li>\n<li><span style=\"color: #800000;\">romarin<\/span><\/li>\n<li><span style=\"color: #800000;\">verveine<\/span><\/li>\n<li><span style=\"color: #800000;\">cola<\/span><\/li>\n<li><span style=\"color: #800000;\">m\u00e9lisse<\/span><\/li>\n<li><span style=\"color: #800000;\">fenouil sauvage<\/span><\/li>\n<li><span style=\"color: #800000;\">coquelicot<\/span><\/li>\n<li><span style=\"color: #800000;\">gingembre<\/span><\/li>\n<li><span style=\"color: #800000;\">roses de Damas &amp; roses anciennes<\/span><\/li>\n<\/ul>\n<p><span style=\"color: #800000;\"><strong><span style=\"color: #800000;\">CONFITURES\u00a0 30 g, 125 g, 230 g<em>, <\/em>400 g<\/span><br \/>\n<\/strong><\/span><\/p>\n<p><span style=\"color: #800000;\"><em><span style=\"color: #800000;\">Toutes<\/span> <span style=\"color: #800000;\">les<\/span> <span style=\"color: #800000;\">confitures<\/span> s<span style=\"color: #800000;\">ont cuites \u00e0 feux doux au chaudron de cuivre.<\/span><\/em><\/span><br \/>\n<span style=\"color: #800000;\"> <em><span style=\"color: #800000;\">Compos\u00e9es de 65 % de fruits , sucre de canne et jus de<\/span> <span style=\"color: #800000;\">citron<\/span>.<\/em><strong><em><br \/>\n<\/em><\/strong><\/span><\/p>\n<ul>\n<li><span style=\"color: #800000;\">figue\u00a0<\/span><\/li>\n<li><span style=\"color: #800000;\">melon &amp; menthe\u00a0\u00a0<\/span><\/li>\n<li><span style=\"color: #800000;\">reine- claude\u00a0<\/span><\/li>\n<li><span style=\"color: #800000;\">cerise<em><br \/>\n<\/em><\/span><\/li>\n<li><span style=\"color: #800000;\">abricot <\/span><\/li>\n<li><span style=\"color: #800000;\">p\u00eache de vigne <\/span><\/li>\n<li><span style=\"color: #800000;\">kiwi &amp; citron<\/span><\/li>\n<li><span style=\"color: #800000;\">nashi &amp; poire<\/span><\/li>\n<li><span style=\"color: #800000;\">fraise<\/span><\/li>\n<li><span style=\"color: #800000;\">prune, cassis &amp; framboise<br \/>\n<\/span><\/li>\n<li><span style=\"color: #800000;\">cr\u00e8me de citron <em>(\u00e9corces)<\/em><\/span><\/li>\n<li><span style=\"color: #800000;\">pomme, orange &amp; cannelle<\/span><\/li>\n<li><span style=\"color: #800000;\">poire &amp; coing<\/span><\/li>\n<li><span style=\"color: #800000;\">kaki, pomme &amp; citron<\/span><\/li>\n<li><span style=\"color: #800000;\">pomme, kumquat, zestes d&rsquo;orange &amp; citron<\/span><\/li>\n<li><span style=\"color: #800000;\">figue, p\u00eache et gingembre<\/span><\/li>\n<\/ul>\n<p><em><span style=\"color: #800000;\">\u00e9tui trio confitures 3 x 125 g<\/span><\/em><\/p>\n<p><span style=\"color: #800000;\"><strong><span style=\"color: #800000;\">COULIS DE FRUITS\u00a0 21 cl<\/span><br \/>\n<\/strong><\/span><\/p>\n<p><span style=\"color: #800000;\"><em><span style=\"color: #800000;\">\u00c0<\/span> <span style=\"color: #800000;\">d\u00e9layer<\/span> <span style=\"color: #800000;\">dans<\/span> <span style=\"color: #800000;\">des<\/span> <span style=\"color: #800000;\">yaourts<\/span> <span style=\"color: #800000;\">et fromages frais,<\/span> <span style=\"color: #800000;\">et en nappage de glaces et g\u00e2teaux.<\/span><\/em><strong><em><br \/>\n<\/em><\/strong><\/span><\/p>\n<ul>\n<li><span style=\"color: #800000;\">fruits rouges (<em><span style=\"color: #800000;\">prunes<\/span>, <span style=\"color: #800000;\">sucre de canne,<\/span> <span style=\"color: #800000;\">cassis, jus de citron)<\/span><\/em><\/span>\n<div class=\"petit italique\"><span style=\"color: #800000;\"><em><span style=\"color: #800000;\">\u00c0 base d&rsquo;une petite prune rouge au parfum acidul\u00e9,<\/span> l<span style=\"color: #800000;\">a prune \u00ab\u00a0Allo\u00a0\u00bb, avec un peu de cassis&#8230;<\/span><\/em><\/span><\/div>\n<\/li>\n<li>\n<div class=\"petit italique\"><span style=\"color: #800000;\">abricot<\/span><\/div>\n<\/li>\n<li><span style=\"color: #800000;\">citron (<em>\u00e9corces<\/em>)<\/span><\/li>\n<\/ul>\n<p><span style=\"color: #800000;\"><strong><span style=\"color: #800000;\">GEL\u00c9ES de FLEURS et PLANTES AROMATIQUES\u00a0 30 g, 125 g<\/span><br \/>\n<\/strong><\/span><\/p>\n<p><span style=\"color: #800000;\"><em><span style=\"color: #800000;\">Elles se marient toutes avec les fromages frais, sur toasts,<\/span> <\/em><em><span style=\"color: #800000;\">permettant de r\u00e9aliser un assortiment<\/span> <span style=\"color: #800000;\">vari\u00e9, original et aromatique&#8230;<\/span><\/em><\/span><br \/>\n<span style=\"color: #800000;\"> <em><span style=\"color: #800000;\">Les gel\u00e9es de fleurs accompagnent les cr\u00eapes, tartines, glaces<\/span> <span style=\"color: #800000;\">, fromages frais, salades de fruits\u2026<\/span><br \/>\n<\/em><\/span><br \/>\n<span style=\"color: #800000;\"> <em><span style=\"color: #800000;\">Les gel\u00e9es de plantes aromatiques accompagnent les poissons, viandes, terrines de l\u00e9gumes,<\/span> <span style=\"color: #800000;\">fromages&#8230; en sucr\u00e9\/sal\u00e9<\/span><\/em><\/span><\/p>\n<ul>\n<li><span style=\"color: #800000;\">acacia<br \/>\n<\/span><\/li>\n<li><span style=\"color: #800000;\">sauge\/lavande<br \/>\n<\/span><\/li>\n<li><span style=\"color: #800000;\">sureau<br \/>\n<\/span><\/li>\n<li><span style=\"color: #800000;\">verveine<br \/>\n<\/span><\/li>\n<li><span style=\"color: #800000;\">rose<\/span><\/li>\n<li><span style=\"color: #800000;\">violette<\/span><\/li>\n<li><span style=\"color: #800000;\">pissenlit<\/span><\/li>\n<li><span style=\"color: #800000;\">ch\u00e8vrefeuille<\/span><\/li>\n<li><span style=\"color: #800000;\">coquelicot<\/span><\/li>\n<li><span style=\"color: #800000;\">basilic<\/span><\/li>\n<li><span style=\"color: #800000;\">menthe<\/span><\/li>\n<li><span style=\"color: #800000;\">origan<\/span><\/li>\n<li><span style=\"color: #800000;\">romarin<\/span><\/li>\n<li><span style=\"color: #800000;\">thym<\/span><\/li>\n<\/ul>\n<p><em><span style=\"color: #800000;\">\u00e9tui trio gel\u00e9es 3 x 125 g<\/span><\/em><\/p>\n<p><span style=\"color: #800000;\"><strong><span style=\"color: #800000;\">CHUTNEYS 125 g<\/span><\/strong><\/span><\/p>\n<p><span style=\"color: #800000;\"><em><span style=\"color: #800000;\">Fruits et l\u00e9gumes m\u00eal\u00e9s d&rsquo;\u00e9pices vari\u00e9s mi-confiture, mi-condiment, les saveurs aigre-douces des<\/span> <span style=\"color: #800000;\">chutneys <\/span><\/em><em><span style=\"color: #800000;\">accompagnent<\/span> <span style=\"color: #800000;\">les viandes et les poissons grill\u00e9s ou froids, les gibiers et les currys&#8230;<\/span><\/em><\/span><\/p>\n<ul>\n<li><span style=\"color: #800000;\">figue &amp; cannelle:\u00a0 s&rsquo;accorde particuli\u00e8rement avec le canard et les fromages.<\/span><\/li>\n<li><span style=\"color: #800000;\">pomme gingembre piment &amp; fleur de sel<\/span><\/li>\n<\/ul>\n<p><em><span style=\"color: #800000;\">\u00e9tui trio 2 chutneys + confit d&rsquo;oignon 3 x 125 g<\/span><\/em><\/p>\n<p><span style=\"color: #800000;\"><strong>CR\u00c8ME PIMENT\u00c9E <\/strong><\/span><span style=\"color: #800000;\"><strong>Poivrons, Gingembre et Piment 110 g<br \/>\n<\/strong><\/span><\/p>\n<p><span style=\"color: #800000;\"><em>Tartinable \u00e9pic\u00e9e, douce et fruit\u00e9e<\/em><\/span><\/p>\n<p><span style=\"color: #800000;\"><strong><span style=\"color: #800000;\">CONFIT<\/span> <span style=\"color: #800000;\">d&rsquo; OIGNON<\/span> <span style=\"color: #800000;\">30 g,<\/span> <span style=\"color: #800000;\">130<\/span> <span style=\"color: #800000;\">g et 250 g<\/span><\/strong><\/span><\/p>\n<p><span style=\"color: #800000;\"><strong>PR\u00c9SENTATIONS CADEAUX<\/strong> <\/span><\/p>\n<p><em><span style=\"color: #800000;\">Sac traiteur, coffret, panier, assortiments divers selon les saisons<\/span><\/em><\/p>\n","protected":false},"excerpt":{"rendered":"<p>PUR\u00c9ES DE FRUITS\u00a0 110 g, 340 g Pur fruit, sans sucre ajout\u00e9. poire pomme &amp; framboise pomme &amp; cannelle pomme aux 3 \u00e9pices (cannelle, cardamome et gingembre) pomme aux zestes d&rsquo;orange &amp; de citron pomme &amp; curcuma pomme\u00a0 &amp; anis \u00e9toil\u00e9 SIROPS\u00a0 25 cl, 50 cl Rafraichissants, diluez 1 volume &#8230;<\/p>\n","protected":false},"author":1,"featured_media":0,"parent":0,"menu_order":0,"comment_status":"closed","ping_status":"closed","template":"template-full-width.php","meta":{"footnotes":""},"class_list":["post-22","page","type-page","status-publish","hentry","column","threecol"],"_links":{"self":[{"href":"https:\/\/biodescoteaux.fr\/w\/index.php?rest_route=\/wp\/v2\/pages\/22","targetHints":{"allow":["GET"]}}],"collection":[{"href":"https:\/\/biodescoteaux.fr\/w\/index.php?rest_route=\/wp\/v2\/pages"}],"about":[{"href":"https:\/\/biodescoteaux.fr\/w\/index.php?rest_route=\/wp\/v2\/types\/page"}],"author":[{"embeddable":true,"href":"https:\/\/biodescoteaux.fr\/w\/index.php?rest_route=\/wp\/v2\/users\/1"}],"replies":[{"embeddable":true,"href":"https:\/\/biodescoteaux.fr\/w\/index.php?rest_route=%2Fwp%2Fv2%2Fcomments&post=22"}],"version-history":[{"count":26,"href":"https:\/\/biodescoteaux.fr\/w\/index.php?rest_route=\/wp\/v2\/pages\/22\/revisions"}],"predecessor-version":[{"id":221,"href":"https:\/\/biodescoteaux.fr\/w\/index.php?rest_route=\/wp\/v2\/pages\/22\/revisions\/221"}],"wp:attachment":[{"href":"https:\/\/biodescoteaux.fr\/w\/index.php?rest_route=%2Fwp%2Fv2%2Fmedia&parent=22"}],"curies":[{"name":"wp","href":"https:\/\/api.w.org\/{rel}","templated":true}]}}