{"id":29,"date":"2015-12-24T17:19:09","date_gmt":"2015-12-24T16:19:09","guid":{"rendered":"http:\/\/biodescoteaux.fr\/w\/?page_id=29"},"modified":"2024-08-13T16:28:04","modified_gmt":"2024-08-13T15:28:04","slug":"partenaires","status":"publish","type":"page","link":"https:\/\/biodescoteaux.fr\/w\/?page_id=29","title":{"rendered":"H\u00f4tels \/ Restaurants"},"content":{"rendered":"<p><strong><span style=\"color: #800000;\"><span style=\"color: #800000;\">Domaine de la Ma<\/span><span style=\"color: #800000;\">le &#8211; <\/span><\/span><\/strong><span style=\"color: #800000;\"><em><span style=\"color: #800000;\">Cabanes perch\u00e9es<br \/>\n<\/span><\/em><\/span><strong><span style=\"color: #800000;\"><span style=\"color: #800000;\">82800 <\/span><span style=\"color: #800000;\">PUYGAILLARD DE QUERCY <\/span><\/span><\/strong><br \/>\n<span style=\"color: #800000;\"><em><span style=\"color: #800000;\">www.domainedelamale.fr<\/span><\/em><\/span><\/p>\n<p><span style=\"color: #800000;\"><span style=\"color: #800000;\"><strong>Le Belv\u00e9d\u00e8re de l&rsquo;Oustal ***<\/strong> <\/span><em><span style=\"color: #800000;\">H\u00f4tel<\/span> <span style=\"color: #800000;\">Spa<\/span><\/em><\/span><br \/>\n<span style=\"color: #800000;\"><strong>82110 <\/strong><span style=\"color: #800000;\"><strong>LAUZERTE\u00a0<\/strong> <\/span><\/span><br \/>\n<span style=\"color: #800000;\"><span style=\"color: #800000;\"><em>www.lebelvedere-lauzerte.com<\/em><\/span><span style=\"color: #800000;\"><br \/>\n<\/span><\/span><br \/>\n<strong><span style=\"color: #800000;\"><span style=\"color: #800000;\">H\u00f4tel<\/span> <span style=\"color: #800000;\">Raymond VII<\/span> ***<\/span><\/strong><br \/>\n<span style=\"color: #800000;\"><strong>81170 <\/strong><span style=\"color: #800000;\"><strong>CORDES SUR CIEL<\/strong><br \/>\n<\/span><span style=\"color: #800000;\"><cite class=\"_Rm\"><span style=\"color: #800000;\">www.raymond7.fr<\/span><\/cite><\/span><span style=\"color: #800000;\"><br \/>\n<\/span><\/span><\/p>\n<p><span style=\"color: #800000;\"><strong>N\u00e9buleuse &#8211;<\/strong> <em>G\u00eetes insolites <\/em><\/span><br \/>\n<span style=\"color: #800000;\"><strong>82220 PUYCORNET<\/strong><br \/>\n<\/span><span style=\"color: #800000;\"><em><span style=\"color: #800000;\">www.nebuleuse-insolite.com<\/span><\/em><\/span><\/p>\n<p><span style=\"color: #800000;\"><strong>S\u00e9gala &amp; Spa<\/strong> &#8211; <em>Cabanes romantiques insolites<\/em><\/span><br \/>\n<span style=\"color: #800000;\"><strong>12800 NAUCELLE<\/strong><\/span><br \/>\n<span style=\"color: #800000;\"><em>www.segala-spa.com<\/em><\/span><\/p>\n<p><span style=\"color: #800000;\"><strong>V\u00e9subio &#8211; <\/strong>Pizz\u00e9ria <\/span><br \/>\n<span style=\"color: #800000;\"><span class=\"LrzXr\">93 Rue de la Colombette <\/span><strong><span class=\"LrzXr\">&#8211; 31000 TOULOUSE<br \/>\n<\/span><\/strong><em><span class=\"LrzXr\">R\u00e9servations: <\/span><span class=\"LrzXr\">thefork.fr<\/span><\/em><strong><span class=\"LrzXr\"><br \/>\n<\/span><\/strong><\/span><\/p>\n<p><span style=\"color: #800000;\"><strong>Ch\u00e2teau Lavalade<\/strong><\/span><br \/>\n<span style=\"color: #800000;\"><strong><span class=\"LrzXr\">82100 CASTELSARRASIN<\/span><\/strong><\/span><\/p>\n<p><em><span style=\"color: #800000;\">www.chateaulavalade.fr<\/span><br \/>\n<\/em><\/p>\n","protected":false},"excerpt":{"rendered":"<p>Domaine de la Male &#8211; Cabanes perch\u00e9es 82800 PUYGAILLARD DE QUERCY www.domainedelamale.fr Le Belv\u00e9d\u00e8re de l&rsquo;Oustal *** H\u00f4tel Spa 82110 LAUZERTE\u00a0 www.lebelvedere-lauzerte.com H\u00f4tel Raymond VII *** 81170 CORDES SUR CIEL www.raymond7.fr N\u00e9buleuse &#8211; G\u00eetes insolites 82220 PUYCORNET www.nebuleuse-insolite.com S\u00e9gala &amp; Spa &#8211; Cabanes romantiques insolites 12800 NAUCELLE www.segala-spa.com V\u00e9subio &#8211; &#8230;<\/p>\n","protected":false},"author":1,"featured_media":0,"parent":27,"menu_order":0,"comment_status":"closed","ping_status":"closed","template":"template-full-width.php","meta":{"footnotes":""},"class_list":["post-29","page","type-page","status-publish","hentry","column","threecol"],"_links":{"self":[{"href":"https:\/\/biodescoteaux.fr\/w\/index.php?rest_route=\/wp\/v2\/pages\/29","targetHints":{"allow":["GET"]}}],"collection":[{"href":"https:\/\/biodescoteaux.fr\/w\/index.php?rest_route=\/wp\/v2\/pages"}],"about":[{"href":"https:\/\/biodescoteaux.fr\/w\/index.php?rest_route=\/wp\/v2\/types\/page"}],"author":[{"embeddable":true,"href":"https:\/\/biodescoteaux.fr\/w\/index.php?rest_route=\/wp\/v2\/users\/1"}],"replies":[{"embeddable":true,"href":"https:\/\/biodescoteaux.fr\/w\/index.php?rest_route=%2Fwp%2Fv2%2Fcomments&post=29"}],"version-history":[{"count":17,"href":"https:\/\/biodescoteaux.fr\/w\/index.php?rest_route=\/wp\/v2\/pages\/29\/revisions"}],"predecessor-version":[{"id":226,"href":"https:\/\/biodescoteaux.fr\/w\/index.php?rest_route=\/wp\/v2\/pages\/29\/revisions\/226"}],"up":[{"embeddable":true,"href":"https:\/\/biodescoteaux.fr\/w\/index.php?rest_route=\/wp\/v2\/pages\/27"}],"wp:attachment":[{"href":"https:\/\/biodescoteaux.fr\/w\/index.php?rest_route=%2Fwp%2Fv2%2Fmedia&parent=29"}],"curies":[{"name":"wp","href":"https:\/\/api.w.org\/{rel}","templated":true}]}}